et k be (3 + (-26)/4)*g. Suppose -k*c - 5*c - 72 = 0. Calculate f(c).
1
Let r(s) be the third derivative of s**5/60 - 5*s**4/24 - s**3 - s**2 - 4*s - 113. Give r(6).
0
Let p(a) be the second derivative of a**7/840 + a**6/360 - a**4/12 + a**3/6 + 19*a**2 - 8*a - 6. Let s(m) be the second derivative of p(m). What is s(0)?
-2
Let j(v) = 2 + 11*v**2 + 8*v - 29*v**2 - 11*v + 17*v**2. What is j(-2)?
4
Let g(i) = -i**2 - i + 1. Let s(z) = -z**3 + 3*z**2 - 8*z + 18. Let y(f) = 6*g(f) - s(f). Let l(v) = -v**2 - 16*v + 786. Let a be l(21). Give y(a).
6
Let x(y) = -5*y - 10. Let p(w) = w**2 - 11*w - 28. Let h be p(13). Let u be x(h). Suppose 6*i - 3*i - 18 = u. Let r(v) = v**3 - 6*v**2 + v - 8. What is r(i)?
-2
Suppose -9*z = -7*z - 4. Let o = z - -10. Suppose 28*g - o = 24*g. Let p(n) = n**2 + 2*n + 4. What is p(g)?
19
Let g = -36 - 2. Let i = -11 - g. Let n(p) = 11 + 14 + p - i. Give n(-7).
-9
Let x(a) = -7*a**2 + 27*a + 8. Let h be x(4). Let s be -1 - (-2*h/(-8) + -5). Let r(g) = -g**2 - g + 5. Determine r(s).
-7
Let z(m) = m**3 - 8*m**2 - 28*m + 171. Let g be ((-1140)/285)/((-4)/9). Determine z(g).
0
Let d(p) = -p**3 + 28*p**2 - 18*p + 32. Let v(k) = -3*k**3 + 82*k**2 - 55*k + 102. Let m(s) = 11*d(s) - 4*v(s). Determine m(19).
1
Let g(k) = 24*k - 61. Let r(u) = -110*u + 305. Let h(b) = 14*g(b) + 3*r(b). Give h(-25).
-89
Let p = 134 + -125. Let k be (6/(-2))/(p/12). Let d(z) = -z - 1. Let q(h) = -7*h - 9. Let a(y) = 5*d(y) - q(y). Calculate a(k).
-4
Let r(p) be the first derivative of p**2/2 - 10*p - 21. Suppose 0 = -7*n + 3*n - 18*n. What is r(n)?
-10
Let j be (-5 - -2)*2/(-6). Let u(z) = -3*z + 1 - 15 + 20*z + 6*z - 4 + 19. Give u(j).
24
Let u(y) = y**3 - 3*y**2 + 3*y - 3. Suppose 4 + 252 = 2*r. Let i = 131 - r. What is u(i)?
6
Let o(p) = p**3 + p**2 - p + 1. Let c(t) be the third derivative of t**6/20 - t**5/20 - 5*t**4/8 + 5*t**3/2 + 7*t**2. Let r(b) = c(b) - 5*o(b). Calculate r(9).
1
Let p(w) = 3 - 2*w - 26 + 5 + 12 + 17. Give p(2).
7
Let i(v) = -30 + 4*v - 2*v + 18 + 14. Let u(x) = 3. Let j(w) = i(w) - 3*u(w). Give j(-6).
-19
Let u(v) be the third derivative of -v**6/120 - 11*v**5/60 + v**4/12 + 2*v**2 + 2*v - 291. What is u(-11)?
-22
Let f(x) be the third derivative of x**5/60 - 3*x**4/4 - 83*x**3/6 - 975*x**2. Calculate f(22).
5
Let a(x) = -6*x - 22. Let v(d) = -d - 1. Let z(f) = -a(f) + 3*v(f). Let t(r) = -r - 7. Let o(m) = 8*t(m) + 3*z(m). Let y = 3 + -10. Give o(y).
-6
Let t(s) be the first derivative of -s**4/2 + 20*s**3/3 + 3*s**2/2 + 6*s - 81. Calculate t(10).
36
Let r(j) = -109*j**2 + 0*j + 95*j**2 + 4 + j + j**3 + 3. Determine r(14).
21
Let i(v) = v**2 + 4. Suppose -g + 11 = 2*c, 0 = -4*g + 2*c + 5 + 9. Determine i(g).
29
Let f(v) = -18 - 28 - 2 + 80 - 25 - 14*v. Give f(-3).
49
Let g(x) be the first derivative of -x**2/2 - 2*x + 2. Let i = 34530 - 34525. Determine g(i).
-7
Let v(n) = -n - 39. Suppose -763*k + 420 = -783*k. Give v(k).
-18
Let y(s) = -s**3 + 8*s**2 - 8*s + 10. Suppose -31*z + 21 = -28*z. Let o be y(z). Let r(d) = d + 2*d**2 + 2*d - d**3 + 5*d**2 - 4*d**2 - o. Calculate r(4).
-7
Let x(d) = -58*d - 3. Let s be (-2)/8*-3*((-1067)/(-33) + -31). What is x(s)?
-61
Let c(z) = z**3 + 5*z**2 + 5*z + 1. Let i(t) = t**3 + 5*t**2 + 5*t + 2. Let s(u) = 2*c(u) - 3*i(u). Let o be ((-20)/12 + -3)*(-300)/(-350). Give s(o).
0
Let h(i) = i**3 + 3*i**2 - 212*i - 1014. Let p be h(-5). Let n(t) = t**3 + 2*t**2 - 19*t - 60. Calculate n(p).
-16
Let p be 14058/1136 - 6/16. Let o(k) = -k**3 + 11*k**2 + 8*k - 23. What is o(p)?
-71
Suppose 3037*c - 69 = 3042*c + z, 49*c - 3*z + 433 = 0. Let u(l) be the first derivative of -l**3/3 - 11*l**2/2 - 15*l + 1. What is u(c)?
-5
Let y(g) be the second derivative of g**3/6 + 3*g**2/2 - 1973*g. Let z be 2/6 + (-30)/9. Calculate y(z).
0
Let x(w) = -47 + 43 - 173 - 6*w - 3*w. What is x(-19)?
-6
Let q be (4/2 - 11)*(-1)/1. Let p(w) = -7*w**3 + 6*w**2 - w - 13. Let a(v) = 16*v**3 - 13*v**2 + 2*v + 28. Let x(i) = q*p(i) + 4*a(i). Give x(0).
-5
Let v(z) = -10*z**2 - 790*z - 2. Let r be v(-79). Let o(h) = -h**2 - 3*h - 6. Give o(r).
-4
Let h(q) be the first derivative of 1/2*q**3 + 3 - 3/2*q**2 - 11*q. Let o(r) be the first derivative of h(r). Determine o(3).
6
Suppose 2*b + k - 551 = 0, -3*k = 5*b - 778 - 600. Let m(f) = -137*f - 136*f + b*f. Give m(-9).
-18
Let x be (822/9)/(5 - (-65)/(-15)). Let f = x - 134. Let j(c) = c**3 - c**2 - 2*c - 1. Give j(f).
11
Let i(x) = 4*x - 7. Let c = 380 + -379. Let w(m) = m - 2. Let j(u) = c*i(u) - w(u). Let d(q) = -q**3 + 5*q**2 - 2*q + 5. Let z be d(5). Calculate j(z).
-20
Let u(c) = -c**3 + 6*c**2 + 6*c + 9. Suppose -3*d + 8 = -d, 0 = n + 2*d - 8. Let r be (n/5 + 14)/(-2). Let z be r*5/(-15)*3. Give u(z).
2
Let z(b) be the second derivative of -b**4/12 - 11*b**3/3 - 27*b**2/2 - 2*b - 1953. What is z(-20)?
13
Let m(q) be the third derivative of q**6/120 + q**4/8 + q**3/6 - 8*q**2 + 48*q. Let i = 14 - 17. Give m(i).
-35
Let x(f) be the first derivative of f**2/2 - 62*f - 8122. Determine x(6).
-56
Suppose 2*t = -3*r + 11, -2*r = -8 - 2. Let h(m) = -m - 19. Let w be h(-21). Let g(i) = 172*i**2 - 87*i**2 - w*i - 89*i**2. Give g(t).
-12
Let v(r) = 2*r**2 - 3*r. Let k(g) = -9*g**2 + 12*g - 4. Let x(z) = -k(z) - 4*v(z). Calculate x(-6).
40
Let j(w) = -w**2 - 2*w + 3. Let d = 97 + -93. Suppose 7*l - d*v - 31 = 2*l, 0 = -l + v + 7. Calculate j(l).
-12
Let h(c) = -4 + 3*c**2 + 3*c**2 - 3*c**2 - c**2 - 3*c**2 + 2*c**3 + c. What is h(0)?
-4
Let n = -6173 - -6166. Let i(u) = -u**2 - 6*u + 17. What is i(n)?
10
Let u(q) = -48 + 17 + 10*q + 33 - 32*q. What is u(1)?
-20
Let w(o) be the first derivative of 5*o**2/2 - 102*o + 4420. Determine w(20).
-2
Let j be 3/(-9) - (2*-2)/12. Let n(d) = 1 + 4 - 6. Let m(v) = -v - 5. Let h(p) = -m(p) + 6*n(p). Determine h(j).
-1
Let p(j) = -j**3 + 2*j. Suppose 73*v - 200 = 63*v. Suppose 63*s - 73*s = v. Determine p(s).
4
Suppose 46*g = 51*g - 25. Let s = -26 + 33. Let o = g - s. Let z(m) = 5*m + 2. Determine z(o).
-8
Let h(i) = i**3 - 4*i**2 - 7*i + 6. Let g(l) = 2*l + 41. Let x be g(-19). Suppose -2*n = -6*n + 8. Suppose -x*z = n*z - 25. Determine h(z).
-4
Let i(b) = -b**3 - 16*b**2 - 24*b + 58. Let f be i(-14). Let m(t) be the first derivative of -4/3*t**3 - t - 1/4*t**4 + 3/2*t**f - 6. Determine m(-4).
-13
Let t(o) = o - 4. Let b = 239 + -236. Let i be b + (-6)/(-4 - -1). Calculate t(i).
1
Let g(n) = 15*n**3 + 3*n - 9. Let z(d) = 16*d**3 + 3*d - 10. Let b(p) = 6*g(p) - 5*z(p). What is b(1)?
9
Let j = -10801 - -10796. Let r(g) = -g**3 - 4*g**2 + 5*g - 1. What is r(j)?
-1
Let v be 2/(-6)*(-27 + 18). Suppose 2*t = v*s - 14, 4*s + 9*t - 6*t = 47. Let i(f) = f**2 - 9*f + 7. Give i(s).
-1
Suppose 4*s + 7 = 7. Let w(o) = -o + 3. Let d be w(s). Let k(f) = -6 - 5*f**2 - 9 + 7*f + 11 + f**d. What is k(4)?
8
Let d(r) = -r**3 + r**2 - 2*r + 25. Suppose -5*p - 2*v - 2 = -8, -5*v + 15 = -4*p. What is d(p)?
25
Let a(p) = -p**3 - p**2 - p - 13. Suppose 1670 - 1682 = 6*s. Let h(z) = -30*z - 60. Let m be h(s). Give a(m).
-13
Let h = -9667 - -9657. Let b(v) = -v**3 - 12*v**2 - 17*v + 33. Give b(h).
3
Let p(s) = -3*s**2 - 47*s - 9. Let u(f) = -16*f**2 - 258*f - 46. Let t(a) = -11*p(a) + 2*u(a). Determine t(-5).
27
Let f be -8 + (-11*-5*(-2)/(-10))/1. Let r(u) = 14*u - 39. Determine r(f).
3
Let b(p) be the first derivative of -p**4/4 - p**3 + p**2 + 11. Let j be (((-8)/12)/(-1))/(2/(-9)). What is b(j)?
-6
Let g(d) be the third derivative of d**6/120 + d**5/60 + 26*d**3/3 + d**2 - 11028*d. What is g(0)?
52
Let r = 4996 + -4998. Let q(f) be the third derivative of 7*f**4/24 - f**3/6 + 2*f**2. Calculate q(r).
-15
Let w(q) = 9*q + 0*q + q**2 + 25 + 8*q + 22. Give w(-14).
5
Let i(h) be the first derivative of h**2/2 - 5*h + 477. Give i(8).
3
Let b(o) = 26 + 40 - 16*o**2 + 17*o**2 + 17*o. Let f be b(-6). Let j(l) = l - 5. Give j(f).
-5
Suppose -5*a = -r - 46, 44 = -2*r + 222*a - 220*a. Let j(d) = -4*d**2 - 61*d + 16. What is j(r)?
-32
Let x(c) = 66*c + 328. Let q = 9101 - 9106. Calculate x(q).
-2
Let y(b) be the third derivative of -b**6/120 + b**5/8 - 5*b**4/24 - 28*b**3 + 223*b**2 + 1. Let o(u) be the first derivative of y(u). Determine o(5).
-5
Suppose s - 30 = -4*s. Let o(m) be the third derivative of -1/60*m**5 - 1/3*m**3 + 0 - 253*m**2 + 0*m + 1/4*m**4. Give o(s).
-2
Suppo